at is -9b - 9?
-a6
In base 15, what is c9 + 7?
d1
In base 5, what is 110022 - -10?
110032
In base 11, what is 1 - 252?
-251
In base 9, what is 2 + 28?
31
In base 7, what is 3 + -256?
-253
In base 5, what is -14 + 11?
-3
In base 6, what is 1 - 20?
-15
In base 6, what is -5 - -22225?
22220
In base 8, what is 35231 - -1?
35232
In base 4, what is 0 + -133?
-133
In base 9, what is -11 + 513?
502
In base 2, what is 0 - 1010100101100?
-1010100101100
In base 4, what is -2233330 + -10?
-2300000
In base 3, what is 0 - -2?
2
In base 14, what is -5 + 4a5?
4a0
In base 12, what is -85 - 7?
-90
In base 10, what is -4 - -4858?
4854
In base 10, what is 3 - -103?
106
In base 3, what is 110002 - 2?
110000
In base 14, what is -8 - -17?
d
In base 10, what is 5 - -223?
228
In base 15, what is 3e8 - -1?
3e9
In base 13, what is 1319 + -1?
1318
In base 4, what is -1010 + 323?
-21
In base 5, what is 1 - -4020?
4021
In base 2, what is -101110 - 110010010?
-111000000
In base 9, what is 7 - -148?
156
In base 7, what is 1560 + -1?
1556
In base 9, what is 61 + -3?
57
In base 11, what is 16 + 11?
27
In base 10, what is -256 - 63?
-319
In base 3, what is -1 + 1221?
1220
In base 15, what is 10 - 361?
-351
In base 5, what is 2 - -120?
122
In base 2, what is -11010 - 1101?
-100111
In base 11, what is -45 + 2?
-43
In base 11, what is -27a + 15?
-265
In base 11, what is -2 - 6a4?
-6a6
In base 2, what is 111 + 1000001?
1001000
In base 9, what is -3 - -378?
375
In base 8, what is 3 + 60?
63
In base 14, what is -3 + bc?
b9
In base 7, what is 11 - -32?
43
In base 9, what is -48 - -2?
-46
In base 11, what is -2 - -4710?
4709
In base 15, what is -2 - -37c?
37a
In base 11, what is -2297 - -3?
-2294
In base 4, what is -3122 - 321?
-10103
In base 7, what is 533 - 135?
365
In base 6, what is 115050 + 4?
115054
In base 12, what is -2 - -650?
64a
In base 2, what is -101 - -10000110?
10000001
In base 12, what is 1a6 - -3?
1a9
In base 8, what is 22 - -21?
43
In base 5, what is 2 - 41?
-34
In base 12, what is -257 + -4?
-25b
In base 8, what is -4 - -2116?
2112
In base 13, what is 0 - -15?
15
In base 13, what is -3a + 9?
-31
In base 13, what is -1 - 179?
-17a
In base 12, what is -159 + -42?
-19b
In base 12, what is 287 + -1?
286
In base 10, what is -109 + 7?
-102
In base 15, what is 3209 + -2?
3207
In base 13, what is 2581 + -1?
2580
In base 6, what is -5323 - 4?
-5331
In base 16, what is 2 + 297?
299
In base 16, what is -474 - -2?
-472
In base 14, what is -2 - a?
-c
In base 3, what is 1212220 + -11?
1212202
In base 2, what is 0 + 101111010?
101111010
In base 14, what is -7 + 29?
22
In base 6, what is 1 - 331?
-330
In base 8, what is 5 + 4?
11
In base 9, what is -4537 + 4?
-4533
In base 3, what is 2 + 120120?
120122
In base 10, what is 2198 + 5?
2203
In base 13, what is 0 + 1504?
1504
In base 11, what is 1 + 8?
9
In base 8, what is 5764 + -1?
5763
In base 16, what is -4 - 101d?
-1021
In base 15, what is -1be - -6?
-1b8
In base 9, what is -357 + -6?
-364
In base 8, what is 2 - 33?
-31
In base 9, what is -35 - 5?
-41
In base 4, what is 1222 - -2?
1230
In base 16, what is 57 - 3?
54
In base 9, what is 670 + 5?
675
In base 3, what is -120021211 + -1?
-120021212
In base 4, what is 1332321 + -2?
1332313
In base 13, what is -2c5 + -3?
-2c8
In base 14, what is -4 + -65a?
-660
In base 6, what is -12 + -5404?
-5420
In base 12, what is -89 + 14?
-75
In base 16, what is 124b - 0?
124b
In base 8, what is -1 + -54?
-55
In base 11, what is 330 + -4?
327
In base 4, what is -2 - -3120?
3112
In base 6, what is 3 - 523?
-520
In base 13, what is 1b9 - -3?
1bc
In base 10, what is -53 + -79?
-132
In base 8, what is 164 + -4?
160
In base 14, what is 3 - -2a?
2d
In base 3, what is -2000 - 11?
-2011
In base 11, what is -1 - 2a?
-30
In base 4, what is -1 - -331111?
331110
In base 14, what is 118d - -3?
1192
In base 14, what is -4c75 - -1?
-4c74
In base 13, what is 1 + -375?
-374
In base 5, what is 3 - -1242?
1300
In base 13, what is 82 - 2?
80
In base 15, what is 7c - -2?
7e
In base 8, what is 23 + -5?
16
In base 14, what is 4 - 125?
-121
In base 7, what is 40112 - 4?
40105
In base 13, what is 1cc + -17?
1b5
In base 11, what is 35 + -463?
-429
In base 7, what is 5032 - 5?
5024
In base 12, what is -4 + -48?
-50
In base 5, what is -43 + 422?
324
In base 8, what is -13 + -55?
-70
In base 16, what is b - -3?
e
In base 12, what is 0 - -434?
434
In base 3, what is -101120 + -2?
-101122
In base 13, what is 20a - -4?
211
In base 6, what is -5 - -253?
244
In base 15, what is 2 + -790?
-78d
In base 15, what is -4 - -14a?
146
In base 4, what is -122 - 1302?
-2030
In base 14, what is -2 - -d37?
d35
In base 11, what is -7a6 + 4?
-7a2
In base 11, what is 56 - -52?
a8
In base 5, what is -42 - 203?
-300
In base 13, what is -61 - 8?
-69
In base 7, what is -336 + -12?
-351
In base 10, what is -402 + 14?
-388
In base 6, what is -5 + 53?
44
In base 2, what is 0 + 0?
0
In base 12, what is 0 + -75?
-75
In base 2, what is 10110 + 10001111?
10100101
In base 5, what is 10 - 334?
-324
In base 3, what is 0 + -2200?
-2200
In base 7, what is 315 + 3?
321
In base 12, what is 40 + -10?
30
In base 16, what is c9 - 1?
c8
In base 15, what is -3 - 446?
-449
In base 16, what is -2f - -33?
4
In base 11, what is -197 - 3?
-19a
In base 11, what is -170 - -27?
-144
In base 11, what is -464 + 4?
-460
In base 16, what is -13d - -f?
-12e
In base 9, what is 13784 - 1?
13783
In base 13, what is 0 - 27?
-27
In base 6, what is 3 + -55?
-52
In base 7, what is 325 - 4?
321
In base 7, what is 2 + -103?
-101
In base 7, what is -4 - 326?
-333
In base 12, what is -21 + -36?
-57
In base 10, what is 90 + -5?
85
In base 6, what is -1 - 224?
-225
In base 16, what is 85a + 4?
85e
In base 9, what is 46 - -5?
52
In base 14, what is 3 + 6c?
71
In base 16, what is -e + 33?
25
In base 7, what is 664 - -4?
1001
In base 11, what is 0 + 1659?
1659
In base 10, what is -2 + -292?
-294
In base 10, what is -51 + 330?
279
In base 5, what is 410 - 1?
404
In base 7, what is 0 - -4065?
4065
In base 7, what is -4 + -141?
-145
In base 8, what is 36 + 42?
100
In base 6, what is 34011 + 0?
34011
In base 6, what is -3 + -31?
-34
In base 15, what is -8 + 6?
-2
In base 16, what is -4874 + -4?
-4878
In base 15, what is -2 + -2e?
-31
In base 5, what is 114 - -242?
411
In base 6, what is -550 - -3?
-543
In base 7, what is 4 + 165?
202
In base 5, what is 122044 - 0?
122044
In base 6, what is 52 + 2?
54
In base 7, what is 114 + 5?
122
In base 3, what is 12 + 122221?
200010
In base 8, what is 1 + -307?
-306
In base 6, what is -1353 + 2?
-1351
In base 15, what is 8 - 893?
-88a
In base 5, what is 1322 + 10?
1332
In base 8, what is 11741 + -4?
11735
In base 15, what is 4 - -c6?
ca
In base 14, what is -2d + 12?
-1b
In base 11, what is 298 - -22?
30a
In base 9, what is 4 - 767?
-763
In base 14, what is 1 - 32d?
-32c
In base 15, what is 50cc - 0?
50cc
In base 5, what is -202 + -1?
-203
In base 8, what is 106 + 5?
113
In base 10, what is 4 + 6928?
6932
In base 3, what is -2112022 + 10?
-2112012
In base 10, what is -2012 - -1?
-2011
In base 3, what is 0 - 1100?
-1100
In base 2, what is -11010000111 + 1111?
-11001111000
In base 5, what is -4 - -31032?
31023
In base 15, what is -5 - 65?
-6a
In base 9, what is 3 - 1?
2
In base 16, what is 0 + c3e?
c3e
In base 13, what is -6 + 17?
11
In base 7, what is 15 + 403?
421
In base 15, what is 15 + 3?
18
In base 4, what is 11 - -2101?
2112
In base 11, what is 1 - 20?
-1a
In base 11, what is 5 + -226?
-221
In base 6, what is -120 + 104?
-12
In base 14, what is -2 - -20?
1c
In base 5, what is -12011 + 0?
-12011
In base 11, what is 2 + -103?
-101
In base 8, what is -75 + -167?
-264
In base 12, what is 3 + 0?
3
In base 9, what is -633 - -10?
-623
In base 14, what is 0 - -2a0?
2a0
In base 14, what is -17 - 990?
-9a7
In base 16, what is 65 + d0?
135
In base 11, what is -a + -30?
-3a
In base 10, what is -2 + 773?
771
In base 15, what is -7 - -e?
7
In base 16, what is 5029 + 5?
502e
In base 16, what is -cd - 2?
-cf
In base 2, what is 1110 - -111101?
1001011
In base 5, what is 100 - -1122?
1222
In base 12, what is 2bb + 6?
305
In base 8, what is -10 - 312?
-322
In base 10, what is -92 - -1?
-91
In base 9, what is -5280 - 5?
-5285
In base 11, what is 479 + -13?
466
In base 10, what